divided by 190?
161
Calculate the remainder when 7549 is divided by 6609.
940
Calculate the remainder when 13190 is divided by 578.
474
Calculate the remainder when 9442 is divided by 152.
18
Calculate the remainder when 91286 is divided by 13040.
6
Calculate the remainder when 10390 is divided by 236.
6
What is the remainder when 3043 is divided by 116?
27
What is the remainder when 76467 is divided by 48?
3
What is the remainder when 25294 is divided by 12641?
12
Calculate the remainder when 56118 is divided by 56107.
11
What is the remainder when 3705 is divided by 1226?
27
Calculate the remainder when 28547 is divided by 510.
497
What is the remainder when 12321 is divided by 132?
45
What is the remainder when 3812 is divided by 1261?
29
Calculate the remainder when 24093 is divided by 3914.
609
Calculate the remainder when 645852 is divided by 645843.
9
Calculate the remainder when 434380 is divided by 108588.
28
Calculate the remainder when 9011 is divided by 1086.
323
Calculate the remainder when 51426 is divided by 252.
18
What is the remainder when 41256 is divided by 13745?
21
What is the remainder when 3402 is divided by 336?
42
What is the remainder when 4333 is divided by 757?
548
What is the remainder when 17657 is divided by 30?
17
What is the remainder when 84977 is divided by 28325?
2
Calculate the remainder when 25808 is divided by 951.
131
Calculate the remainder when 12234 is divided by 46.
44
Calculate the remainder when 20155 is divided by 210.
205
Calculate the remainder when 364561 is divided by 14021.
15
Calculate the remainder when 14320 is divided by 411.
346
What is the remainder when 77415 is divided by 414?
411
What is the remainder when 4451 is divided by 1470?
41
What is the remainder when 57613 is divided by 42?
31
Calculate the remainder when 7110 is divided by 796.
742
Calculate the remainder when 176537 is divided by 613.
606
Calculate the remainder when 1109967 is divided by 173.
172
Calculate the remainder when 525497 is divided by 2208.
2201
What is the remainder when 64488 is divided by 128?
104
Calculate the remainder when 59418 is divided by 414.
216
What is the remainder when 9802 is divided by 223?
213
What is the remainder when 9123 is divided by 730?
363
What is the remainder when 6054 is divided by 5577?
477
What is the remainder when 30875 is divided by 383?
235
What is the remainder when 6153 is divided by 1806?
735
What is the remainder when 353039 is divided by 695?
674
What is the remainder when 1534399 is divided by 1096?
1095
Calculate the remainder when 41365 is divided by 195.
25
What is the remainder when 148328 is divided by 933?
914
What is the remainder when 2397 is divided by 15?
12
Calculate the remainder when 46888 is divided by 609.
604
What is the remainder when 11662 is divided by 95?
72
What is the remainder when 190251 is divided by 47558?
19
Calculate the remainder when 654277 is divided by 22.
19
Calculate the remainder when 6524 is divided by 518.
308
What is the remainder when 59418 is divided by 323?
309
What is the remainder when 1607661 is divided by 16?
13
What is the remainder when 692 is divided by 146?
108
Calculate the remainder when 37469 is divided by 157.
103
Calculate the remainder when 3191 is divided by 310.
91
Calculate the remainder when 2479 is divided by 41.
19
Calculate the remainder when 48317 is divided by 4026.
5
What is the remainder when 8432 is divided by 4196?
40
Calculate the remainder when 4682 is divided by 667.
13
What is the remainder when 90969 is divided by 979?
901
What is the remainder when 12855 is divided by 647?
562
Calculate the remainder when 1279 is divided by 263.
227
What is the remainder when 22112 is divided by 631?
27
What is the remainder when 13714 is divided by 107?
18
What is the remainder when 82536 is divided by 16506?
6
Calculate the remainder when 556 is divided by 110.
6
What is the remainder when 3422 is divided by 114?
2
Calculate the remainder when 2026 is divided by 898.
230
Calculate the remainder when 1513 is divided by 135.
28
What is the remainder when 391262 is divided by 110?
102
Calculate the remainder when 192841 is divided by 68.
61
What is the remainder when 5537 is divided by 5469?
68
Calculate the remainder when 77095 is divided by 53.
33
What is the remainder when 714460 is divided by 238151?
7
Calculate the remainder when 18480 is divided by 440.
0
Calculate the remainder when 42725 is divided by 4271.
15
Calculate the remainder when 3842 is divided by 794.
666
Calculate the remainder when 16999 is divided by 5665.
4
Calculate the remainder when 83951 is divided by 110.
21
Calculate the remainder when 172505 is divided by 134.
47
Calculate the remainder when 6929495 is divided by 756.
755
Calculate the remainder when 10480 is divided by 50.
30
What is the remainder when 19095 is divided by 956?
931
Calculate the remainder when 27722 is divided by 107.
9
What is the remainder when 379094 is divided by 31?
26
Calculate the remainder when 11940 is divided by 1699.
47
What is the remainder when 61129 is divided by 119?
82
Calculate the remainder when 12426 is divided by 1754.
148
What is the remainder when 17907 is divided by 3523?
292
Calculate the remainder when 81020 is divided by 94.
86
Calculate the remainder when 333529 is divided by 62.
31
Calculate the remainder when 23573 is divided by 7.
4
What is the remainder when 7278 is divided by 2379?
141
What is the remainder when 8092 is divided by 111?
100
What is the remainder when 817 is divided by 272?
1
Calculate the remainder when 20939 is divided by 327.
11
Calculate the remainder when 9273 is divided by 80.
73
Calculate the remainder when 22742 is divided by 11344.
54
Calculate the remainder when 48849 is divided by 10.
9
What is the remainder when 29804 is divided by 92?
88
Calculate the remainder when 5184 is divided by 525.
459
Calculate the remainder when 509 is divided by 380.
129
What is the remainder when 1648 is divided by 1634?
14
Calculate the remainder when 5302 is divided by 136.
134
Calculate the remainder when 274842 is divided by 341.
337
Calculate the remainder when 87232 is divided by 44.
24
What is the remainder when 7055 is divided by 72?
71
Calculate the remainder when 1172 is divided by 268.
100
What is the remainder when 20049 is divided by 21?
15
Calculate the remainder when 106338 is divided by 53169.
0
What is the remainder when 60666 is divided by 467?
423
Calculate the remainder when 18972 is divided by 112.
44
Calculate the remainder when 10207 is divided by 73.
60
Calculate the remainder when 6551 is divided by 386.
375
What is the remainder when 37627 is divided by 37?
35
Calculate the remainder when 231414 is divided by 551.
545
Calculate the remainder when 11699 is divided by 44.
39
Calculate the remainder when 6740 is divided by 776.
532
Calculate the remainder when 69957 is divided by 264.
261
What is the remainder when 37333 is divided by 1870?
1803
Calculate the remainder when 9141 is divided by 4478.
185
What is the remainder when 66337 is divided by 310?
307
What is the remainder when 3632 is divided by 309?
233
Calculate the remainder when 5596 is divided by 25.
21
What is the remainder when 115522 is divided by 10?
2
Calculate the remainder when 533 is divided by 271.
262
What is the remainder when 101963 is divided by 116?
115
What is the remainder when 3527 is divided by 133?
69
What is the remainder when 39669 is divided by 22?
3
What is the remainder when 12750 is divided by 4247?
9
What is the remainder when 28269 is divided by 5629?
124
Calculate the remainder when 3521 is divided by 272.
257
Calculate the remainder when 1355 is divided by 90.
5
What is the remainder when 16853 is divided by 624?
5
What is the remainder when 1497 is divided by 672?
153
What is the remainder when 2185 is divided by 814?
557
What is the remainder when 8070 is divided by 289?
267
Calculate the remainder when 200122 is divided by 94.
90
Calculate the remainder when 3599 is divided by 38.
27
Calculate the remainder when 758536 is divided by 115.
111
What is the remainder when 68568 is divided by 174?
12
Calculate the remainder when 160720 is divided by 75.
70
What is the remainder when 603314 is divided by 545?
544
Wh